{"id":11285,"date":"2018-05-02T16:10:39","date_gmt":"2018-05-02T13:10:39","guid":{"rendered":"http:\/\/www.kariyer.net\/kariyer-rehberi\/?page_id=11285"},"modified":"2018-05-02T16:10:39","modified_gmt":"2018-05-02T13:10:39","slug":"isin-olsun-sosyal-medya-cekilisi-kosullari","status":"publish","type":"page","link":"https:\/\/www.kariyer.net\/kariyer-rehberi\/isin-olsun-sosyal-medya-cekilisi-kosullari\/","title":{"rendered":"\u0130\u015fin Olsun Sosyal Medya \u00c7ekili\u015fi Ko\u015fullar\u0131"},"content":{"rendered":"<ul>\n<li>\u0130\u015fin Olsun Sosyal Medya \u00c7ekili\u015fi(\u201c\u00c7ekili\u015f\u201d) Kariyer.net Elektronik Yay\u0131nc\u0131l\u0131k ve \u0130leti\u015fim Hizmetleri A.\u015e. taraf\u0131ndan yap\u0131lacakt\u0131r ve s\u00f6z konusu \u00c7ekili\u015f kapsam\u0131nda \u00f6d\u00fcl kazananlar\u0131n se\u00e7imi ayn\u0131 t\u00fczel ki\u015filik taraf\u0131ndan yap\u0131lacakt\u0131r.<\/li>\n<li>\u00c7ekili\u015fe kat\u0131lmak isteyen adaylardan beklenenler;\n<ul>\n<li>\u0130\u015fin Olsun Instagram sayfas\u0131n\u0131 takip etmesi.<\/li>\n<li>\u0130lgili g\u00f6nderiyi be\u011fenmesi.<\/li>\n<li>Yorum olarak i\u015f arama sebebini yazmas\u0131.<\/li>\n<\/ul>\n<\/li>\n<li>\u00c7ekili\u015f 02.05.2018 tarihinde saat 19.00\u2019da ba\u015flayacak olup 16.05.2018 tarihinde saat 17:00\u2019da son bulacakt\u0131r.<\/li>\n<li>5 (be\u015f) kazanan talihliye ek, 5 (be\u015f) ki\u015fi yedek kazananlar se\u00e7ilecektir. Kazananlar\u0131n kat\u0131l\u0131m ko\u015fullar\u0131na uymad\u0131\u011f\u0131n\u0131n tespiti durumda s\u0131rayla yedek listeye ge\u00e7ilecektir.<\/li>\n<li>Kazananlar; yap\u0131lan ba\u015fvuru aras\u0131ndan Kariyer.net taraf\u0131ndan kura ile se\u00e7ilecektir. S\u00f6z konusu tarih aral\u0131\u011f\u0131 d\u0131\u015f\u0131nda yap\u0131lan payla\u015f\u0131mlar \u00c7ekili\u015f\u2019te de\u011ferlendirilmeyecektir.<\/li>\n<li>Kazananlar 18\u00a0May\u0131s\u00a0ak\u015fam\u0131 saat 19:00\u2019a kadar \u0130\u015fin Olsun Instagram sayfas\u0131nda duyurulacak olup, kazanan ki\u015filerle ileti\u015fime ge\u00e7ilecektir.<\/li>\n<li>\u00c7ekili\u015fe\u2019e kat\u0131lacak ki\u015filerin 18 ya\u015f\u0131ndan b\u00fcy\u00fck olmas\u0131 gereklidir. 18 ya\u015f\u0131ndan k\u00fc\u00e7\u00fck olan ki\u015filerin kat\u0131l\u0131mlar\u0131 ge\u00e7ersiz say\u0131lacakt\u0131r.<\/li>\n<li>\u00c7ekili\u015f\u2019e Kariyer.net Elektronik Yay\u0131nc\u0131l\u0131k ve \u0130leti\u015fim Hizmetleri A.\u015e.\u00a0 \u00e7al\u0131\u015fanlar\u0131 ve iLab grup \u015firketi \u00e7al\u0131\u015fanlar\u0131 kat\u0131lamayacakt\u0131r.<\/li>\n<li>\u00c7ekili\u015f kat\u0131l\u0131m ko\u015fullar\u0131n\u0131n tam ve do\u011fru \u015fekilde sa\u011flanmad\u0131\u011f\u0131n\u0131n tespiti halinde, \u00e7ekili\u015f kat\u0131l\u0131m\u0131 tamamlanmam\u0131\u015f say\u0131l\u0131r ve bu nedenle ge\u00e7ersiz kabul edilir. B\u00f6yle bir durumda kat\u0131l\u0131mc\u0131lar herhangi bir hak iddia edemezler.<\/li>\n<li>Ayn\u0131 ki\u015fi tek bir hesaptan yaln\u0131zca belirlenen ko\u015fula g\u00f6re \u00c7ekili\u015f\u2019e kat\u0131labilecektir.<\/li>\n<li>Bir ki\u015fi birden fazla \u00f6d\u00fcl hakk\u0131 kazanamaz.<\/li>\n<li>net ve\/veya \u0130\u015fin Olsun diledi\u011fi zaman \u00c7ekili\u015f kat\u0131l\u0131m ko\u015fullar\u0131n\u0131 de\u011fi\u015ftirme ve\/veya \u00c7ekili\u015f\u2019i iptal etme hakk\u0131n\u0131 sakl\u0131 tutar.<\/li>\n<\/ul>\n","protected":false},"excerpt":{"rendered":"<p>\u0130\u015fin Olsun Sosyal Medya \u00c7ekili\u015fi(\u201c\u00c7ekili\u015f\u201d) Kariyer.net Elektronik Yay\u0131nc\u0131l\u0131k ve \u0130leti\u015fim Hizmetleri A.\u015e. taraf\u0131ndan yap\u0131lacakt\u0131r ve s\u00f6z konusu \u00c7ekili\u015f kapsam\u0131nda \u00f6d\u00fcl kazananlar\u0131n se\u00e7imi ayn\u0131 t\u00fczel ki\u015filik taraf\u0131ndan yap\u0131lacakt\u0131r. \u00c7ekili\u015fe kat\u0131lmak isteyen adaylardan beklenenler; \u0130\u015fin Olsun Instagram sayfas\u0131n\u0131 takip etmesi. \u0130lgili g\u00f6nderiyi be\u011fenmesi. Yorum olarak i\u015f arama sebebini yazmas\u0131. \u00c7ekili\u015f 02.05.2018 tarihinde saat 19.00\u2019da ba\u015flayacak olup 16.05.2018 [&hellip;]<\/p>\n","protected":false},"author":21,"featured_media":0,"parent":0,"menu_order":0,"comment_status":"closed","ping_status":"closed","template":"","meta":{"footnotes":"","_elementor_edit_mode":"","_elementor_template_type":"","_elementor_data":"","_elementor_page_settings":null,"_elementor_conditions":[]},"class_list":["post-11285","page","type-page","status-publish"],"yoast_head":"<!-- This site is optimized with the Yoast SEO Premium plugin v21.4 (Yoast SEO v27.0) - https:\/\/yoast.com\/product\/yoast-seo-premium-wordpress\/ -->\n<title>\u0130\u015fin Olsun Sosyal Medya \u00c7ekili\u015fi Ko\u015fullar\u0131 | Kariyer Rehberi<\/title>\n<meta name=\"description\" content=\"\u0130\u015fin Olsun Sosyal Medya \u00c7ekili\u015fi(\u201c\u00c7ekili\u015f\u201d) Kariyer.net Elektronik Yay\u0131nc\u0131l\u0131k ve \u0130leti\u015fim Hizmetleri A.\u015e. taraf\u0131ndan yap\u0131lacakt\u0131r ve s\u00f6z konusu \u00c7ekili\u015f kapsam\u0131nda \u00f6d\u00fcl kazananlar\u0131n se\u00e7imi ayn\u0131 t\u00fczel ki\u015filik taraf\u0131ndan yap\u0131lacakt\u0131r.  \u00c7ekili\u015fe kat\u0131lmak isteyen adaylardan beklenenler;   \u0130\u015fin Olsun Instagram sayfas\u0131n\u0131 takip etmesi.  \u0130lgili g\u00f6nderiyi be\u011fenmesi.  Yorum olarak i\u015f arama sebebini yazmas\u0131.    \u00c7ekili\u015f 02.05.2018 tarihinde saat 19.00\u2019da ba\u015flayacak olup 16.05.2018 tarihinde saat 17:00\u2019da son bulacakt\u0131r.  5 (be\u015f) kazanan talihliye ek, 5 (be\u015f) ki\u015fi yedek kazananlar se\u00e7ilecektir. Kazananlar\u0131n kat\u0131l\u0131m ko\u015fullar\u0131na uymad\u0131\u011f\u0131n\u0131n tespiti durumda s\u0131rayla yedek listeye ge\u00e7ilecektir.  Kazananlar; yap\u0131lan ba\u015fvuru aras\u0131ndan Kariyer.net taraf\u0131ndan kura ile se\u00e7ilecektir. S\u00f6z konusu tarih aral\u0131\u011f\u0131 d\u0131\u015f\u0131nda yap\u0131lan payla\u015f\u0131mlar \u00c7ekili\u015f\u2019te de\u011ferlendirilmeyecektir.  Kazananlar 18\u00a0May\u0131s\u00a0ak\u015fam\u0131 saat 19:00\u2019a kadar \u0130\u015fin Olsun Instagram sayfas\u0131nda duyurulacak olup, kazanan ki\u015filerle ileti\u015fime ge\u00e7ilecektir.  \u00c7ekili\u015fe\u2019e kat\u0131lacak ki\u015filerin 18 ya\u015f\u0131ndan b\u00fcy\u00fck olmas\u0131 gereklidir. 18 ya\u015f\u0131ndan k\u00fc\u00e7\u00fck olan ki\u015filerin kat\u0131l\u0131mlar\u0131 ge\u00e7ersiz say\u0131lacakt\u0131r.  \u00c7ekili\u015f\u2019e Kariyer.net Elektronik Yay\u0131nc\u0131l\u0131k ve \u0130leti\u015fim Hizmetleri A.\u015e.\u00a0 \u00e7al\u0131\u015fanlar\u0131 ve iLab grup \u015firketi \u00e7al\u0131\u015fanlar\u0131 kat\u0131lamayacakt\u0131r.  \u00c7ekili\u015f kat\u0131l\u0131m ko\u015fullar\u0131n\u0131n tam ve do\u011fru \u015fekilde sa\u011flanmad\u0131\u011f\u0131n\u0131n tespiti halinde, \u00e7ekili\u015f kat\u0131l\u0131m\u0131 tamamlanmam\u0131\u015f say\u0131l\u0131r ve bu nedenle ge\u00e7ersiz kabul edilir. B\u00f6yle bir durumda kat\u0131l\u0131mc\u0131lar herhangi bir hak iddia edemezler.  Ayn\u0131 ki\u015fi tek bir hesaptan yaln\u0131zca belirlenen ko\u015fula g\u00f6re \u00c7ekili\u015f\u2019e kat\u0131labilecektir.  Bir ki\u015fi birden fazla \u00f6d\u00fcl hakk\u0131 kazanamaz.  net ve\/veya \u0130\u015fin Olsun diledi\u011fi zaman \u00c7ekili\u015f kat\u0131l\u0131m ko\u015fullar\u0131n\u0131 de\u011fi\u015ftirme ve\/veya \u00c7ekili\u015f\u2019i iptal etme hakk\u0131n\u0131 sakl\u0131 tutar.\" \/>\n<meta name=\"robots\" content=\"index, follow, max-snippet:-1, max-image-preview:large, max-video-preview:-1\" \/>\n<link rel=\"canonical\" href=\"https:\/\/www.kariyer.net\/kariyer-rehberi\/isin-olsun-sosyal-medya-cekilisi-kosullari\/\" \/>\n<meta property=\"og:locale\" content=\"tr_TR\" \/>\n<meta property=\"og:type\" content=\"article\" \/>\n<meta property=\"og:title\" content=\"\u0130\u015fin Olsun Sosyal Medya \u00c7ekili\u015fi Ko\u015fullar\u0131\" \/>\n<meta property=\"og:description\" content=\"\u0130\u015fin Olsun Sosyal Medya \u00c7ekili\u015fi(\u201c\u00c7ekili\u015f\u201d) Kariyer.net Elektronik Yay\u0131nc\u0131l\u0131k ve \u0130leti\u015fim Hizmetleri A.\u015e. taraf\u0131ndan yap\u0131lacakt\u0131r ve s\u00f6z konusu \u00c7ekili\u015f\" \/>\n<meta property=\"og:url\" content=\"https:\/\/www.kariyer.net\/kariyer-rehberi\/isin-olsun-sosyal-medya-cekilisi-kosullari\/\" \/>\n<meta property=\"og:site_name\" content=\"Kariyer Rehberi\" \/>\n<meta name=\"twitter:card\" content=\"summary_large_image\" \/>\n<meta name=\"twitter:label1\" content=\"Tahmini okuma s\u00fcresi\" \/>\n\t<meta name=\"twitter:data1\" content=\"2 dakika\" \/>\n<!-- \/ Yoast SEO Premium plugin. -->","yoast_head_json":{"title":"\u0130\u015fin Olsun Sosyal Medya \u00c7ekili\u015fi Ko\u015fullar\u0131 | Kariyer Rehberi","description":"\u0130\u015fin Olsun Sosyal Medya \u00c7ekili\u015fi(\u201c\u00c7ekili\u015f\u201d) Kariyer.net Elektronik Yay\u0131nc\u0131l\u0131k ve \u0130leti\u015fim Hizmetleri A.\u015e. taraf\u0131ndan yap\u0131lacakt\u0131r ve s\u00f6z konusu \u00c7ekili\u015f kapsam\u0131nda \u00f6d\u00fcl kazananlar\u0131n se\u00e7imi ayn\u0131 t\u00fczel ki\u015filik taraf\u0131ndan yap\u0131lacakt\u0131r.  \u00c7ekili\u015fe kat\u0131lmak isteyen adaylardan beklenenler;   \u0130\u015fin Olsun Instagram sayfas\u0131n\u0131 takip etmesi.  \u0130lgili g\u00f6nderiyi be\u011fenmesi.  Yorum olarak i\u015f arama sebebini yazmas\u0131.    \u00c7ekili\u015f 02.05.2018 tarihinde saat 19.00\u2019da ba\u015flayacak olup 16.05.2018 tarihinde saat 17:00\u2019da son bulacakt\u0131r.  5 (be\u015f) kazanan talihliye ek, 5 (be\u015f) ki\u015fi yedek kazananlar se\u00e7ilecektir. Kazananlar\u0131n kat\u0131l\u0131m ko\u015fullar\u0131na uymad\u0131\u011f\u0131n\u0131n tespiti durumda s\u0131rayla yedek listeye ge\u00e7ilecektir.  Kazananlar; yap\u0131lan ba\u015fvuru aras\u0131ndan Kariyer.net taraf\u0131ndan kura ile se\u00e7ilecektir. S\u00f6z konusu tarih aral\u0131\u011f\u0131 d\u0131\u015f\u0131nda yap\u0131lan payla\u015f\u0131mlar \u00c7ekili\u015f\u2019te de\u011ferlendirilmeyecektir.  Kazananlar 18\u00a0May\u0131s\u00a0ak\u015fam\u0131 saat 19:00\u2019a kadar \u0130\u015fin Olsun Instagram sayfas\u0131nda duyurulacak olup, kazanan ki\u015filerle ileti\u015fime ge\u00e7ilecektir.  \u00c7ekili\u015fe\u2019e kat\u0131lacak ki\u015filerin 18 ya\u015f\u0131ndan b\u00fcy\u00fck olmas\u0131 gereklidir. 18 ya\u015f\u0131ndan k\u00fc\u00e7\u00fck olan ki\u015filerin kat\u0131l\u0131mlar\u0131 ge\u00e7ersiz say\u0131lacakt\u0131r.  \u00c7ekili\u015f\u2019e Kariyer.net Elektronik Yay\u0131nc\u0131l\u0131k ve \u0130leti\u015fim Hizmetleri A.\u015e.\u00a0 \u00e7al\u0131\u015fanlar\u0131 ve iLab grup \u015firketi \u00e7al\u0131\u015fanlar\u0131 kat\u0131lamayacakt\u0131r.  \u00c7ekili\u015f kat\u0131l\u0131m ko\u015fullar\u0131n\u0131n tam ve do\u011fru \u015fekilde sa\u011flanmad\u0131\u011f\u0131n\u0131n tespiti halinde, \u00e7ekili\u015f kat\u0131l\u0131m\u0131 tamamlanmam\u0131\u015f say\u0131l\u0131r ve bu nedenle ge\u00e7ersiz kabul edilir. B\u00f6yle bir durumda kat\u0131l\u0131mc\u0131lar herhangi bir hak iddia edemezler.  Ayn\u0131 ki\u015fi tek bir hesaptan yaln\u0131zca belirlenen ko\u015fula g\u00f6re \u00c7ekili\u015f\u2019e kat\u0131labilecektir.  Bir ki\u015fi birden fazla \u00f6d\u00fcl hakk\u0131 kazanamaz.  net ve\/veya \u0130\u015fin Olsun diledi\u011fi zaman \u00c7ekili\u015f kat\u0131l\u0131m ko\u015fullar\u0131n\u0131 de\u011fi\u015ftirme ve\/veya \u00c7ekili\u015f\u2019i iptal etme hakk\u0131n\u0131 sakl\u0131 tutar.","robots":{"index":"index","follow":"follow","max-snippet":"max-snippet:-1","max-image-preview":"max-image-preview:large","max-video-preview":"max-video-preview:-1"},"canonical":"https:\/\/www.kariyer.net\/kariyer-rehberi\/isin-olsun-sosyal-medya-cekilisi-kosullari\/","og_locale":"tr_TR","og_type":"article","og_title":"\u0130\u015fin Olsun Sosyal Medya \u00c7ekili\u015fi Ko\u015fullar\u0131","og_description":"\u0130\u015fin Olsun Sosyal Medya \u00c7ekili\u015fi(\u201c\u00c7ekili\u015f\u201d) Kariyer.net Elektronik Yay\u0131nc\u0131l\u0131k ve \u0130leti\u015fim Hizmetleri A.\u015e. taraf\u0131ndan yap\u0131lacakt\u0131r ve s\u00f6z konusu \u00c7ekili\u015f","og_url":"https:\/\/www.kariyer.net\/kariyer-rehberi\/isin-olsun-sosyal-medya-cekilisi-kosullari\/","og_site_name":"Kariyer Rehberi","twitter_card":"summary_large_image","twitter_misc":{"Tahmini okuma s\u00fcresi":"2 dakika"},"schema":{"@context":"https:\/\/schema.org","@graph":[{"@type":"WebPage","@id":"https:\/\/www.kariyer.net\/kariyer-rehberi\/isin-olsun-sosyal-medya-cekilisi-kosullari\/","url":"https:\/\/www.kariyer.net\/kariyer-rehberi\/isin-olsun-sosyal-medya-cekilisi-kosullari\/","name":"\u0130\u015fin Olsun Sosyal Medya \u00c7ekili\u015fi Ko\u015fullar\u0131 | Kariyer Rehberi","isPartOf":{"@id":"https:\/\/www.kariyer.net\/kariyer-rehberi\/#website"},"datePublished":"2018-05-02T13:10:39+00:00","description":"\u0130\u015fin Olsun Sosyal Medya \u00c7ekili\u015fi(\u201c\u00c7ekili\u015f\u201d) Kariyer.net Elektronik Yay\u0131nc\u0131l\u0131k ve \u0130leti\u015fim Hizmetleri A.\u015e. taraf\u0131ndan yap\u0131lacakt\u0131r ve s\u00f6z konusu \u00c7ekili\u015f kapsam\u0131nda \u00f6d\u00fcl kazananlar\u0131n se\u00e7imi ayn\u0131 t\u00fczel ki\u015filik taraf\u0131ndan yap\u0131lacakt\u0131r. \u00c7ekili\u015fe kat\u0131lmak isteyen adaylardan beklenenler; \u0130\u015fin Olsun Instagram sayfas\u0131n\u0131 takip etmesi. \u0130lgili g\u00f6nderiyi be\u011fenmesi. Yorum olarak i\u015f arama sebebini yazmas\u0131. \u00c7ekili\u015f 02.05.2018 tarihinde saat 19.00\u2019da ba\u015flayacak olup 16.05.2018 tarihinde saat 17:00\u2019da son bulacakt\u0131r. 5 (be\u015f) kazanan talihliye ek, 5 (be\u015f) ki\u015fi yedek kazananlar se\u00e7ilecektir. Kazananlar\u0131n kat\u0131l\u0131m ko\u015fullar\u0131na uymad\u0131\u011f\u0131n\u0131n tespiti durumda s\u0131rayla yedek listeye ge\u00e7ilecektir. Kazananlar; yap\u0131lan ba\u015fvuru aras\u0131ndan Kariyer.net taraf\u0131ndan kura ile se\u00e7ilecektir. S\u00f6z konusu tarih aral\u0131\u011f\u0131 d\u0131\u015f\u0131nda yap\u0131lan payla\u015f\u0131mlar \u00c7ekili\u015f\u2019te de\u011ferlendirilmeyecektir. Kazananlar 18\u00a0May\u0131s\u00a0ak\u015fam\u0131 saat 19:00\u2019a kadar \u0130\u015fin Olsun Instagram sayfas\u0131nda duyurulacak olup, kazanan ki\u015filerle ileti\u015fime ge\u00e7ilecektir. \u00c7ekili\u015fe\u2019e kat\u0131lacak ki\u015filerin 18 ya\u015f\u0131ndan b\u00fcy\u00fck olmas\u0131 gereklidir. 18 ya\u015f\u0131ndan k\u00fc\u00e7\u00fck olan ki\u015filerin kat\u0131l\u0131mlar\u0131 ge\u00e7ersiz say\u0131lacakt\u0131r. \u00c7ekili\u015f\u2019e Kariyer.net Elektronik Yay\u0131nc\u0131l\u0131k ve \u0130leti\u015fim Hizmetleri A.\u015e.\u00a0 \u00e7al\u0131\u015fanlar\u0131 ve iLab grup \u015firketi \u00e7al\u0131\u015fanlar\u0131 kat\u0131lamayacakt\u0131r. \u00c7ekili\u015f kat\u0131l\u0131m ko\u015fullar\u0131n\u0131n tam ve do\u011fru \u015fekilde sa\u011flanmad\u0131\u011f\u0131n\u0131n tespiti halinde, \u00e7ekili\u015f kat\u0131l\u0131m\u0131 tamamlanmam\u0131\u015f say\u0131l\u0131r ve bu nedenle ge\u00e7ersiz kabul edilir. B\u00f6yle bir durumda kat\u0131l\u0131mc\u0131lar herhangi bir hak iddia edemezler. Ayn\u0131 ki\u015fi tek bir hesaptan yaln\u0131zca belirlenen ko\u015fula g\u00f6re \u00c7ekili\u015f\u2019e kat\u0131labilecektir. Bir ki\u015fi birden fazla \u00f6d\u00fcl hakk\u0131 kazanamaz. net ve\/veya \u0130\u015fin Olsun diledi\u011fi zaman \u00c7ekili\u015f kat\u0131l\u0131m ko\u015fullar\u0131n\u0131 de\u011fi\u015ftirme ve\/veya \u00c7ekili\u015f\u2019i iptal etme hakk\u0131n\u0131 sakl\u0131 tutar.","breadcrumb":{"@id":"https:\/\/www.kariyer.net\/kariyer-rehberi\/isin-olsun-sosyal-medya-cekilisi-kosullari\/#breadcrumb"},"inLanguage":"tr","potentialAction":[{"@type":"ReadAction","target":["https:\/\/www.kariyer.net\/kariyer-rehberi\/isin-olsun-sosyal-medya-cekilisi-kosullari\/"]}]},{"@type":"BreadcrumbList","@id":"https:\/\/www.kariyer.net\/kariyer-rehberi\/isin-olsun-sosyal-medya-cekilisi-kosullari\/#breadcrumb","itemListElement":[{"@type":"ListItem","position":1,"name":"Anasayfa","item":"https:\/\/www.kariyer.net\/kariyer-rehberi\/"},{"@type":"ListItem","position":2,"name":"\u0130\u015fin Olsun Sosyal Medya \u00c7ekili\u015fi Ko\u015fullar\u0131"}]},{"@type":"WebSite","@id":"https:\/\/www.kariyer.net\/kariyer-rehberi\/#website","url":"https:\/\/www.kariyer.net\/kariyer-rehberi\/","name":"Kariyer Rehberi","description":"\u0130\u015f D\u00fcnyas\u0131yla \u0130lgili Bilmek \u0130stedi\u011finiz Her \u015eey","publisher":{"@id":"https:\/\/www.kariyer.net\/kariyer-rehberi\/#organization"},"potentialAction":[{"@type":"SearchAction","target":{"@type":"EntryPoint","urlTemplate":"https:\/\/www.kariyer.net\/kariyer-rehberi\/?s={search_term_string}"},"query-input":{"@type":"PropertyValueSpecification","valueRequired":true,"valueName":"search_term_string"}}],"inLanguage":"tr"},{"@type":"Organization","@id":"https:\/\/www.kariyer.net\/kariyer-rehberi\/#organization","name":"Kariyer.net","url":"https:\/\/www.kariyer.net\/kariyer-rehberi\/","logo":{"@type":"ImageObject","inLanguage":"tr","@id":"https:\/\/www.kariyer.net\/kariyer-rehberi\/#\/schema\/logo\/image\/","url":"https:\/\/www.kariyer.net\/kariyer-rehberi-new\/wp-content\/uploads\/2023\/01\/og-image11.jpg","contentUrl":"https:\/\/www.kariyer.net\/kariyer-rehberi-new\/wp-content\/uploads\/2023\/01\/og-image11.jpg","width":800,"height":800,"caption":"Kariyer.net"},"image":{"@id":"https:\/\/www.kariyer.net\/kariyer-rehberi\/#\/schema\/logo\/image\/"}}]}},"_links":{"self":[{"href":"https:\/\/www.kariyer.net\/kariyer-rehberi\/wp-json\/wp\/v2\/pages\/11285","targetHints":{"allow":["GET"]}}],"collection":[{"href":"https:\/\/www.kariyer.net\/kariyer-rehberi\/wp-json\/wp\/v2\/pages"}],"about":[{"href":"https:\/\/www.kariyer.net\/kariyer-rehberi\/wp-json\/wp\/v2\/types\/page"}],"author":[{"embeddable":true,"href":"https:\/\/www.kariyer.net\/kariyer-rehberi\/wp-json\/wp\/v2\/users\/21"}],"replies":[{"embeddable":true,"href":"https:\/\/www.kariyer.net\/kariyer-rehberi\/wp-json\/wp\/v2\/comments?post=11285"}],"version-history":[{"count":0,"href":"https:\/\/www.kariyer.net\/kariyer-rehberi\/wp-json\/wp\/v2\/pages\/11285\/revisions"}],"wp:attachment":[{"href":"https:\/\/www.kariyer.net\/kariyer-rehberi\/wp-json\/wp\/v2\/media?parent=11285"}],"curies":[{"name":"wp","href":"https:\/\/api.w.org\/{rel}","templated":true}]}}